) = q*n + 5*n**2 - 2*n**2 - 4*n + 2*n. Give b(i).
4
Let r(g) be the second derivative of g**5/20 - g**4/4 + g**3/6 + g**2/2 - 13*g. Give r(3).
4
Let d be ((-6)/90*-6)/((-4)/(-10)). Let c(v) = -14*v**2 - v + 1. Determine c(d).
-14
Let g(x) = 7*x + 1. Let b = -53 - -54. Determine g(b).
8
Suppose 0 = 5*w + 2*r - 24, 15 = 3*w - r + 2*r. Let l(t) = 5*t - 8. Calculate l(w).
22
Let h(p) = -p**2 - 7*p - 7. Let x be h(-4). Let r(o) = -o**3 + 5*o**2 - o + 2. Determine r(x).
-3
Let z(a) = 3*a - 1. Let b be z(2). Let s = 9 - b. Let w(c) = c**2 - 4*c + 1. Let v(o) = 3*o**2 - 12*o + 2. Let p(x) = -2*v(x) + 7*w(x). Give p(s).
3
Let q(h) = 5. Let m(k) = 3. Let u(r) = -5*m(r) + 2*q(r). Let v(g) = g + 6. Let z(n) = -3*u(n) - 2*v(n). Suppose 0*p = -5*p + 10. Calculate z(p).
-1
Let f(s) = s**2 + 6*s + 3. Let w(a) be the second derivative of -1/6*a**3 - 2*a**2 + 4*a + 0. Let i be w(0). Calculate f(i).
-5
Let n(q) = -2*q - q + q - 5. Let m be (-2)/3 + 26/(-6). Give n(m).
5
Let k = 54 - 55. Let n(i) = 4*i**2 + i + 1. Give n(k).
4
Let k = -16 - -9. Let s(u) = u**2 + 6*u. Calculate s(k).
7
Suppose -2*r = 3*r - 75. Suppose -7 = -2*o + 5. Suppose -r = -o*y + y. Let c(d) = 2*d**2 - 2*d - 4. Determine c(y).
8
Suppose 0*a = -5*a + 4*v + 33, 4*a - 4*v = 28. Let q(z) = -z**2 + 5*z + 4. Give q(a).
4
Let b(i) be the third derivative of -i**6/120 + i**4/24 + i**3/6 - 4*i**2. Let g = -15 + 28. Suppose 4*a - 3*j = -6*j + 1, a - g = -5*j. Determine b(a).
7
Suppose 5*o - 2 = 4*o. Let w(q) = o + 1 + 5*q**2 - 8*q - 4*q**2. Suppose 0 = -5*i + 17 + 8. Calculate w(i).
-12
Let j(y) = 324*y**2 + 1 + 7*y - 637*y**2 + 314*y**2. Suppose n - 2 = -9. Determine j(n).
1
Let k(z) = -2*z**2 + 2*z - 1. Suppose 3 = -0*c + 3*c, 5*b + 11 = c. What is k(b)?
-13
Let p be ((-18)/(-21))/((-4)/28). Let l(v) = v**3 + 6*v**2 + v + 2. Calculate l(p).
-4
Let x be ((-13)/(-26))/((-2)/4). Let o(r) = -12*r**2 + r + 1. Determine o(x).
-12
Let f(s) = 2*s**2 + 2. Suppose g - 35 = 6*g. Let w be (g/(-2))/(2/4). Suppose -l + 4*r = 18 + 4, w = 4*l + 3*r. What is f(l)?
10
Let a(v) = -v**3 - 3*v**2 + 7. Let p(k) = -4*k**3 - 8*k**2 + k + 21. Let y(t) = 7*a(t) - 2*p(t). Determine y(5).
-3
Let w = 3 + -2. Suppose -5*f = 16 - w. Let u(q) = q**2 + 3*q. Give u(f).
0
Let m(q) = q**2 + 5*q - 2. Let i be 3 - (3 - 2)*1. Let g be (2*i)/((-3)/3). Calculate m(g).
-6
Suppose 2*y + 3 = -n + 4*n, 0 = -4*n + 3*y + 3. Let c(v) = -1 + 3*v - n*v**2 - 5 + 5. Let d(j) = -j**3 + 18*j**2 - 14*j - 49. Let i be d(17). Calculate c(i).
-7
Let r be 57/12 + 2/8. Let i = r + -3. Let a(z) = -3*z + z**2 + 4*z + i*z. Determine a(-3).
0
Let g(z) = z**2 - 2*z - 2. Let x(r) = -r**2 + 11*r - 10. Let n be x(7). Suppose 4*j - n = -2. Let a = -6 + j. Calculate g(a).
6
Suppose -4*d - 1 - 3 = 0. Let q be d/2*(-24)/4. Let f = -4 + q. Let y(x) = -4*x**3 - 2*x**2 + 1. What is y(f)?
3
Let h(d) = -d**3 + 7*d**2 + 3*d + 6. Let f(t) = -t**3 + 6*t**2 + 3*t + 6. Let r(a) = -3*f(a) + 2*h(a). Give r(5).
4
Let w(m) be the first derivative of m**7/420 - m**6/90 + m**5/120 + m**4/12 - 4*m**3/3 - 5. Let b(v) be the third derivative of w(v). Determine b(2).
4
Let z(c) be the second derivative of c**8/6720 + c**7/840 - c**6/180 + c**5/120 - c**4/6 - c. Let f(x) be the third derivative of z(x). What is f(-4)?
1
Let u be 2 + (-5)/((-15)/(-3)). Let x(o) = o - 1. Give x(u).
0
Let b = 5 + -2. Let h(m) = 0*m**3 + 3*m**3 - 1 - m + 3*m**2 + 3*m**b - 5*m**3. What is h(-2)?
5
Let k(b) = 0*b**3 - 4*b - 14*b**2 + 15*b**2 + b**3 - 1. Determine k(-3).
-7
Let y be (-3)/12 - 23/4. Let u(j) = -j**2 - 5*j + 8. Let w be u(y). Let d be (w + -3 - -2)*-2. Let f(h) = h**3 + 2*h**2 + h + 1. What is f(d)?
-1
Suppose -8*w + 4*w + 20 = 0. Let o(m) be the third derivative of -m**4/12 - 2*m**3/3 - m**2. Let t(i) = -2*i - 3. Let l(v) = w*t(v) - 4*o(v). What is l(-1)?
3
Let v(b) = -19*b. Let z be -3*2/(-6)*-1. What is v(z)?
19
Suppose 0 = -2*k + 5 + 1. Let q(o) = -4*o**2 - k*o**2 + 1 - 5*o + 5*o**2 - o + o**3. Suppose -19 = -2*v - 2*v - 3*y, -v - 5*y + 9 = 0. What is q(v)?
9
Let v be (-4)/(-2) - 24/(-8). Let s(i) = i**3 - 6*i**2 + 4*i + 1. Give s(v).
-4
Let l(w) = -w**3 + 4 + 97*w**2 - 7*w - 89*w**2 - 12. Give l(7).
-8
Let a be (-14)/10 + 4/10. Let s be (-5)/a - (-1 - -2). Let z(g) = s + g + g - 3 - 3*g. Calculate z(-5).
6
Let h(z) = 2*z**2 - 10*z + 6. Let d be h(4). Let g(i) = -i**3 - 3*i**2 + 2. Give g(d).
-2
Let y(i) = -i - 1. Let j be y(-6). Let n(v) = v**3 - 5*v**2 + 3. Determine n(j).
3
Let k(l) = l**3 + l**2 - 3*l - 2. Let y = -12 + 10. Give k(y).
0
Suppose 21*s = 24*s. Let n(m) = m**2 + 6. Give n(s).
6
Let b(u) = u**3 - 4*u**2 + 3*u + 1. Let a(q) = q**3 + 4*q**2 + 3*q + 3. Suppose -p = -2*p - 3. Let s be a(p). Calculate b(s).
1
Let w = 122 + -124. Let a(d) = 2*d**2 + 2*d - 1. What is a(w)?
3
Let h(a) = -10*a**3 + 2*a**2 + 2*a + 1. Let q be 128/20 - (-4)/(-10). Let t = q - 7. Determine h(t).
11
Let f(n) = -n**2 - 9*n - 3. Let r be f(-6). Let d(x) = r*x + 2 + 0 - 16*x. Suppose p - 19 = -3*m, 3*p - 7 = -4*m + 5*m. Determine d(m).
-3
Let f(l) be the second derivative of -l**4/6 + l**2/2 + 23*l. What is f(-1)?
-1
Suppose 3*z = 4*z - 10. Suppose -z = -3*k + d, d + 4 = -0*d. Let a(w) = -2*w**2 + 4*w - 2. Give a(k).
-2
Let h(v) be the third derivative of v**6/72 + v**5/120 - 5*v**4/24 - 5*v**2. Let n(f) be the second derivative of h(f). Give n(-1).
-9
Let v(h) = h**3 - 4*h**2 + 4*h - 3. Suppose -n - i - 2*i = 4, 2*n = 5*i - 19. Let b = -4 - n. Suppose -c = -4*u + 8, -u - 4*c + 28 = b*u. Determine v(u).
0
Let s(o) = o**3. Let i be s(1). Suppose -2*f = -i - 3. Let r(w) = -f*w**2 + w - w**2 - 4*w + 0*w. Calculate r(-2).
-6
Let j(b) = b**3 + 7*b**2 + 8*b + 8. Suppose d + 11 = -p, -30 = 4*d + 5*p + 17. Let r be j(d). Let n be (-2)/3 + r/(-18). Let o(g) = -2*g + 6. Calculate o(n).
-6
Let b(a) = 3*a**3 + 9*a**3 + 7*a**2 - 4*a**3 - 2*a. Let z(o) = -o**3 - o**2. Suppose y = -n - 3 + 7, n - y = -6. Let j(d) = n*b(d) - 6*z(d). Determine j(-2).
8
Let j = -3 + 5. Let k(c) = -2 - 4*c - 4*c + 4*c - c**j. Let w = -5 - -3. Give k(w).
2
Let s(g) be the third derivative of -g**6/15 - g**3/6 + 6*g**2. Give s(-1).
7
Suppose c - 5*i = 4, i + 78 = -5*c - 6. Let f = c - -19. Let y(g) = g**2 - 3*g - 1. What is y(f)?
-1
Let n(a) = -9*a**3 + 2*a**2 - a. Suppose 0 = j - 5, 0*m - 4*m - 2*j + 14 = 0. Determine n(m).
-8
Let w(g) = -8*g**3 - 4*g**2 + 2*g**2 + 1 + 3*g**3. Determine w(-1).
4
Let k(t) = t**3 - t**2 + t + 2. Suppose 3*r - 27 + 6 = 0. Let b = r + -5. What is k(b)?
8
Let q(f) = -4 - 2*f**2 + 2*f + 3*f**3 + 8*f**3 + 1 + 2. What is q(1)?
10
Let f(r) = -3*r - 4. Let t be f(-3). Suppose -t*u + 2 = -3. Let p(q) = 9*q - 2. Let g(i) = i - 1. Let x(c) = u*p(c) - 5*g(c). Give x(-2).
-5
Let c(a) = -4 + 14*a - 15*a + 10. Calculate c(-5).
11
Let t = -66 + 53. Let m be 27/2*(-4)/3. Let g = m - t. Let o(b) = 2*b + 5. What is o(g)?
-5
Let t(k) = k**2 + 3*k - 1. Let z be t(-4). Let c(i) = -1 - 4*i**3 + 3 + 5*i**z. Calculate c(0).
2
Suppose 0*a = 4*a - 16. Let z(c) = 4 + 3*c**3 - 2*c - 4*c + 2*c**2 + 3*c**2 - 4*c**3. What is z(a)?
-4
Let q(y) be the second derivative of -y**3/6 - y**2 - y. Let a = -17 - -12. Give q(a).
3
Let u = -98 - -100. Let a(o) be the first derivative of 5/2*o**u + 3*o + 3 - 1/3*o**3. What is a(3)?
9
Let i(q) = -q**2 + 8*q - 11. Let x be i(2). Let r(u) be the first derivative of u + 9/4*u**4 + 0*u**3 - u**2 - 1. Calculate r(x).
8
Suppose i - 2 = 3. Let d(w) = w**3 + 4*w**2 + 2*w - 3. Let j be d(-3). Let a(l) = i - 2*l + j*l + l. What is a(-4)?
9
Let t(d) = d**2 + 7*d + 3. Let q(j) = j**2 + 8*j + 4. Let p(w) = -5*q(w) + 6*t(w). Let x = -5 + 10. Suppose x*u - 7 = 3. Calculate p(u).
6
Suppose v + 4 = 2*v. Let p(j) = j - 1. Let y be p(v). Suppose 0 = o + y*o + 8. Let x(z) = -3*z. What is x(o)?
6
Suppose 32 = -0*a + 4*a - 2*p, -4*a = 2*p - 48. Let l = a + -5. Let b(w) = 3*w - 2. Give b(l).
13
Suppose -3*b - 19 + 2 = v, -5*b - 5*v - 25 = 0. Let z(j) be the first derivative of j**2 + 6*j + 5. Calculate z(b).
-6
Let c(a) be the first derivative of a**2/2 + 3*a + 4. Calculate c(-6).
-3
Let g(x) = x + 1. Let n(s) = s + 10. Let b be n(-10). Let f = b - 3. Determine g(f).
-2
Let y(j) be the first derivative of -j**3 + j**2/2 + 4. Determine y(1).
-2
Let t be -1 + -4*5/2. Let p = t - -7. Let n(i) be the second derivative of -i**4/12 - 